 + 22, 6 = -2*b - 0. Suppose 3*h = -4*a + 31, -2*h + 16 = -i*a + 10*a. What is the units digit of a?
7
Let m = 243 - -173. Suppose -4*k + m = -5*p, 4*p + 0*p = -16. Suppose -3*n + k = -42. What is the tens digit of n?
4
Suppose 14*f - 10 = 13*f. Suppose -17*y + 3332 = -f*y. What is the units digit of y?
6
Let l be 4/10 + 2 - (-123)/205. Suppose l*t + 7*c - 3*c - 2722 = 0, 2*t + 5*c = 1824. What is the units digit of t?
2
Let m(n) = -653*n + 56. Let v be m(-5). Let u = v - 1511. What is the thousands digit of u?
1
Let l(s) = s**2 - 19*s + 50. Let g be l(16). Suppose -3*t - 963 = -3*y, -g*y - 55*t + 50*t = -635. What is the hundreds digit of y?
3
Let i be (-3)/(9/(-4)) - (-6496)/96. Let m = 73 - i. Suppose 5*y - 518 = 2*d, 2*d + 2*d = m*y - 412. What is the units digit of y?
4
Suppose -3*k = 0, 0 = -29*v + 32*v - 2*k - 18. What is the hundreds digit of ((-175 - -2)/1)/(v/(-12))?
3
Suppose 5*d = -3*k + 40828, 71*k + 3*d = 74*k - 40788. What is the tens digit of k?
0
Let v(m) = -m**3 + 16*m**2 + 17*m - 29. Suppose -5*k + 5*f + 21 - 1 = 0, 3*k = 2*f + 16. What is the hundreds digit of v(k)?
6
Suppose 15 = 5*a + 5*t, 3*a = 3*t - 4*t + 11. Suppose 5*s - 2*s - 2*d = 254, 3*d = -a*s + 333. Suppose -s - 47 = -g. What is the units digit of g?
1
Suppose -3*b + j + 2086 = 0, -j + 1 = -4. What is the tens digit of b + (-5 - -6) - 3?
9
Suppose 2*b + y - 2432 = 3423, 3*b + y = 8783. Suppose -5*t + 2737 = -b. What is the tens digit of t?
3
Suppose 18 - 36 = -6*u. Suppose 0*g = u*g + 3*p - 372, 2*g - 248 = -5*p. What is the units digit of g?
4
Suppose 569 - 2809 = -7*q. Let n = q - -96. What is the units digit of n?
6
Let g(p) = -4146*p**3 + 2*p + 1. Let c be g(-1). Suppose 22*z = -c + 24671. What is the hundreds digit of z?
9
Let w be (3/6)/((-2)/(-120)). What is the tens digit of 1549/5 + (-24)/w?
0
Let x = 75346 + -35906. What is the ten thousands digit of x?
3
Let s be (-4)/64*8 + (-1030)/(-4). Suppose r - 4*x - s - 153 = 0, 4*r - 1684 = 5*x. What is the units digit of r?
6
Let j be 12/(1 - -2) + -12. Let g be j*-123*(-4)/(-8). Suppose 0 = -3*y - 3*p + g, 155 = 2*y - 3*p - 153. What is the hundreds digit of y?
1
Let j = -5125 + 69753. What is the hundreds digit of j?
6
Let r(u) = 192*u - 27. Let s be r(17). Suppose -20*n + 1283 + s = 0. What is the units digit of n?
6
Let h = 21 - 25. Let w be 6*6/(-3)*h/(-16). What is the units digit of w*(-5)/(-45)*-123?
1
Let p(z) be the second derivative of -4*z**2 - z**3 - 11*z + 1/6*z**4 + 0. What is the tens digit of p(-5)?
7
Let t be (17/(255/220))/(2/21). Suppose -t = -h - 2*q, -3*q - 2*q + 169 = h. What is the hundreds digit of h?
1
What is the tens digit of (-11 - 1197/(-108)) + (-121510)/(-24)?
6
Suppose -2*s + 1102 = j, 0 = -3*j - 4*s + 4361 - 1065. What is the tens digit of j?
9
Let a(l) = l**3 - l**2 + l - 2. Let r be a(2). Suppose 598 = 3*t - 2*i, -t - 5*i - 613 = -r*t. What is the units digit of t?
6
Let k(u) = 25*u**2. Let n(o) = -5*o - 1. Let y(q) = 6*q + 1. Let j(g) = 5*n(g) + 4*y(g). Let z be j(1). What is the tens digit of k(z)?
0
Let b(h) = -h**3 - 28*h**2 + 23*h + 64. Let d be b(-29). Suppose -3*v + 2*i + 945 = 0, 0 = -4*v + 3*i + 1498 - d. What is the tens digit of v?
1
Let m(x) be the third derivative of -x**4/2 - 11*x**3/2 + 31*x**2. Let r be m(-14). Let g = r + -105. What is the units digit of g?
0
Let q be ((15/2)/5)/(9/18). Let b be (18/(-15))/(q/10). What is the units digit of (22/b)/(10/(-460))?
3
Let i be 0 + (-114)/(-27) + 8/(-36). Suppose i*b = 1651 + 1085. What is the hundreds digit of b?
6
Let n = -25 - -32. Let h be n/(-21) - 32/(-6). Suppose 0 = h*r - 3*r - 10. What is the units digit of r?
5
Let r(w) = 18*w - 23*w - 3*w + 122 - 42*w. What is the units digit of r(-9)?
2
Let y = 94 - -83. Let m(b) = 2*b**3 - 9*b**2 - 8*b + 32. Let x be m(6). Suppose 3 + x = s + 5*l, 0 = 2*s - 3*l - y. What is the tens digit of s?
9
Let b(u) = u**3 - 29*u**2 + 158*u - 31. What is the hundreds digit of b(25)?
4
Let h(t) = 67*t**3 - 14*t**2 + 59*t - 414. What is the ten thousands digit of h(7)?
2
Let j(f) = -3*f**3 + 56*f**2 + 14*f - 51. What is the units digit of j(14)?
9
Let h be -2 + -1 + 4 + 8. Let y be 7 - h/((-27)/(-12)). Suppose 4*q - k - 900 = -y*k, -2*q + k = -454. What is the units digit of q?
6
Let a(w) = 644*w + 13934. What is the hundreds digit of a(0)?
9
Suppose 97*f = 78*f + 64771 + 265582. What is the thousands digit of f?
7
Let g(h) = h**2 - 17*h + 25. Let i be g(18). Let a = -39 + i. Suppose u + a*u = 455. What is the tens digit of u?
9
What is the thousands digit of 102/68*6/(-9) - -5918?
5
Suppose -5494 + 20661 + 4723 = 10*t. What is the tens digit of t?
8
Suppose 228*v - 224*v = 4*p + 186892, 6*v - 3*p - 280353 = 0. What is the units digit of v?
8
Let z = 1771 - -17359. What is the thousands digit of z?
9
Let j(a) = a**3 + 10*a**2 + 23*a - 22. What is the hundreds digit of j(16)?
0
Let f(u) = 41*u + 2244. What is the units digit of f(-18)?
6
Suppose 6*o = 26*o + 1680. Let x = o + 473. What is the hundreds digit of x?
3
Suppose 3*q = 16*g - 15*g - 24, -139 = -5*g - 4*q. Suppose g*v - 4812 = 21*v. What is the hundreds digit of v?
8
Suppose l + 0*l = -10*l. Suppose -10*c + 12888 + 1482 = l. What is the thousands digit of c?
1
Suppose -8*x = -12*x. Let t = 997 - 1411. What is the hundreds digit of (1 + x)/(-2 + (-830)/t)?
2
Let m(a) = 132*a**3 - 6*a**2 + 49*a - 18. What is the thousands digit of m(4)?
8
Suppose 0 = -19*d - 97 + 1522. Suppose -23*i + d*i - 47788 = 0. What is the tens digit of i?
1
Let b(p) = 8*p**3 + p**2 - 4*p + 8. Let o be b(6). Suppose 192 = 5*m - o. Suppose 82 = n + 4*c, -10*n + m = -6*n + c. What is the units digit of n?
8
Suppose 3*l + 9 = 0, 2*q + 10*l - 5*l = 459. Suppose -w + 4*c - c + q = 0, -c = 3*w - 731. Let o = -110 + w. What is the tens digit of o?
3
Suppose 2*m + 5*x = 3*m + 24, -m - 5*x + 16 = 0. Let h be 1300/180 + 0 + m/18. Let i(s) = -s**3 + 8*s**2 + 5*s - 9. What is the units digit of i(h)?
5
Suppose -2*y + 17535 + 882 = -13469. What is the units digit of y?
3
Let u = -25320 + 74555. What is the units digit of u?
5
Let m be (-1)/3*(-3 - -12). What is the tens digit of 830 + (1 - (-5 - m))?
3
Let w(z) = -46*z - 269. Let s be w(-8). Let r = 222 - s. What is the tens digit of r?
2
Let q(l) = -l**3 - 25*l**2 - 23*l + 17. Let a be 130/(-5) + (-4)/(-2). Let f be q(a). Let y = 14 - f. What is the units digit of y?
1
Let m = 7 - 4. Let d(b) = -b**3 - 18*b**2 - 90*b + 25. Let i be d(-13). Suppose 2*a = -m*a + i. What is the units digit of a?
0
Suppose 4*o - 10 = 110. What is the units digit of (208/(-24))/(-2 - (-59)/o)?
0
Let a(d) = -125*d**3 - 7*d**2 - d - 9. Let n(i) = 63*i**3 + 3*i**2 + 4. Let g(v) = 2*a(v) + 5*n(v). Let h be g(1). Let b = 224 - h. What is the tens digit of b?
5
Suppose -3*x + 5*h + 296 = 0, -x + 52 + 46 = -2*h. Let j = x + 494. What is the hundreds digit of j?
5
Let k(i) = i + 5. Let h be k(-7). Let j be -3 - h - 1*297/3. What is the tens digit of (-7 + j)*2/(-2)?
0
Let r = 0 - 31. Let y be r/(-3)*(-45)/(-15). Suppose 1245 = -26*m + y*m. What is the hundreds digit of m?
2
Let w(u) be the second derivative of u**5/20 + 5*u**4/4 - 13*u**3/6 - u**2/2 - 94*u. What is the hundreds digit of w(-7)?
4
Let r = -10379 + 14675. What is the units digit of (-4)/(-10) + (r/(-20))/(-3)?
2
Suppose a + k - 77 = 0, 0 = -a + 4*a + 5*k - 223. Let b = a + -14. What is the tens digit of b?
6
What is the tens digit of (-72 - -39)*2402/(-6)?
1
Suppose 3*j - 32887 - 6945 - 4025 = 0. What is the ten thousands digit of j?
1
Let b = 17 + -11. Suppose j - 234 = -5*f, 5*j + 243 = b*j + 2*f. What is the tens digit of j?
4
Suppose 4*q - 15 + 13 = 2*l, 4*l - 8 = 4*q. Suppose 6*j - 4*j - 3*t - 3229 = 0, -4846 = -q*j + 4*t. What is the tens digit of j?
2
Let x = 30202 + -30197. Let n = -349 + 521. Suppose -n = d - x*d. What is the units digit of d?
3
Let k(h) = 8*h**3 - 13*h**2 + 72*h - 6. What is the tens digit of k(8)?
3
Let u(m) be the second derivative of 329*m**4/4 + 8*m**3 + 49*m**2/2 + 8*m + 2. What is the tens digit of u(-1)?
8
Let f be (152/(-24))/(14/6 + -2). Let h(u) = u**3 + 21*u**2 - 2*u - 95. What is the hundreds digit of h(f)?
6
Let c be (-3048)/(-252) - 8 - (-4)/(-42). Suppose x - 4*p - 1021 = 0, c*x - 893 = 5*p + 3180. What is the thousands digit of x?
